39*o**2 + 18 - 1039943*o**2 - 4. Calculate f(-11).
3
Let q = -199 - -400. Let o(g) = -602*g + 203*g + q*g + g**2 + 198*g - 2. Determine o(0).
-2
Let k(p) = -12*p**2 + 309*p**3 - 158*p**3 - 15*p + 25 - 153*p**3 - 17. Give k(-2).
6
Let s(f) = f**3 + f**2 + f - 1. Let u(k) = k**2 - 17*k + 31. Let l(b) = -3*b + 46. Let x be l(17). Let m be 3/(-4 - 21/x). Let c be u(m). Give s(c).
2
Let z(d) = d**2 + d + 1. Let u(a) = 5*a**2 - 4*a - 4. Let q(k) = u(k) - 6*z(k). Let i(h) = -h**3 + 4*h**2 - h - 4. Let g be i(4). What is q(g)?
6
Let u(a) = 2*a + 6. Let w be u(-7). Let m(z) = -z**2 + 5*z + 2. Let h(r) = -3*r**2 + 32*r + 10. Let o(b) = -h(b) + 4*m(b). Determine o(w).
30
Let c(m) = 4*m**3 - 3*m**3 + 4*m**2 + m + 0*m**2 - 2. Let t = 18429 + -18433. Determine c(t).
-6
Let t = -49 - -28. Let v = 31 + t. Let s(u) = 2 - 10*u**2 + v*u**2 - 11 + u**2 - u. Determine s(0).
-9
Suppose 2*o = -3*o - 40. Let z(u) be the second derivative of -u**5/120 - u**4/8 + 11*u**3/2 - 115*u. Let a(n) be the second derivative of z(n). Determine a(o).
5
Let f = 290 - 285. Let d(r) = -f - r**3 + 8*r**2 - 10*r**3 + 10*r**3. Determine d(8).
-5
Let j(p) = 3*p + 30. Let t = -21609 - -21617. Calculate j(t).
54
Let f(t) = 3*t - 2. Let j(d) = -35*d - 870. Let v be j(-25). What is f(v)?
13
Let u(v) = -3 + 3292*v - v**3 + 3295*v + 3291*v - 9881*v. Let c = 6 - 9. Calculate u(c).
33
Let k = 8 + -13. Let h(u) = 4*u**3 - 2*u - 3. Let f = -138 - -143. Let p(w) = -w**3 - w**2 + 2. Let s(z) = f*p(z) + h(z). Calculate s(k).
17
Let r(w) = w**2 + 3*w + 3. Let j(c) = 202*c - 404. Let k be j(2). What is r(k)?
3
Let m(n) = 9*n**2 - 2*n - 2. Suppose -2*w = 3*d - 153 - 133, 5*d - 10 = 0. Suppose -w*q + 14 = -133*q. What is m(q)?
30
Let t(h) = -14*h**2 + 8*h - 63. Let v(w) = -33*w**2 + 15*w - 125. Let p(d) = -7*t(d) + 3*v(d). Calculate p(-15).
6
Let r(s) = -5*s - 19. Let u be (((-665)/38)/(-35))/(1/(-6)). Determine r(u).
-4
Suppose -31*k + 17*k = 56. Let w(l) be the second derivative of -2*l**3/3 - l - 57. What is w(k)?
16
Let q(c) = -40 + 15 + 3*c + 13 + 11. Let y(p) = -3*p + 1. Let u(m) = 2*q(m) + 3*y(m). Calculate u(3).
-8
Let p(j) = -j**3 + 5*j**2 + 20*j - 66. Let h be (((-1360)/(-25))/17)/(2/5). Give p(h).
-98
Suppose -8*b - 3*b = 0, 4*b + 40 = 4*i. Let k(t) = t + 12. What is k(i)?
22
Let u(w) = -w - 18. Let h(q) = 2*q + 19. Let f(b) = 4*h(b) + 3*u(b). Let v be f(-2). Let g(s) = s**2 - 11*s - 16. Determine g(v).
-4
Let l(s) be the first derivative of -s**3/3 + 12*s**2 - 15*s - 62. What is l(18)?
93
Let a = 204 + -369. Let x be ((-2)/(-3))/(22/a). Let k(y) = -4*y + 106 - y**2 - 2*y + 2*y - y - 113. What is k(x)?
-7
Suppose -38 = -9*c + 13*c - 2*u, -5*u + 15 = 0. Let f(z) = 0 + 3 - 2*z - 2. Determine f(c).
17
Let i be -3 + 1 - -1 - 3. Let a(m) be the first derivative of 2*m**2 + 10*m + 414. Calculate a(i).
-6
Let l(s) be the first derivative of -s**2/2 + 20*s + 23. Let z be l(17). Let y(p) = 10*p - 64 - z*p**2 + 75 + 4*p**2. Give y(-10).
11
Let j(t) be the first derivative of -t**4/2 - 7*t**3/3 - t**2 + 388. Give j(-3).
-3
Let p(g) be the second derivative of -g**4/12 - 19*g**3/6 - 39*g**2 + 60*g + 7. Calculate p(-7).
6
Let w(s) = 14*s**3 - s**3 - 5*s**2 - 1 - s + 0 + 6*s**2. Let o be 0 + 0 - (12 + -12). Let j be -1*(o - 4 - -5). Determine w(j).
-12
Let i = -115779 - -115780. Suppose -4*g + 17 = 3*a, -a - 27 = -5*a - g. Let h(r) = r + r - a*r. Determine h(i).
-5
Let j(p) = -202*p - 3030. Let s be j(-15). Let a(f) = -f + 1. Give a(s).
1
Let m(s) = -s**2 - 4*s. Let d(b) = -b**3 + b**2 + 6*b + 4. Let j be d(3). Suppose j*k + 13 - 33 = 0. Suppose 3*h = v + 5, 2*h = -k*v - 3*h - 25. Give m(v).
-5
Let k(x) = -18 + 8 + 3*x + 12 - 3189*x**2 + 3190*x**2. Suppose 3*i = 5*b - 20, -b + 3 = -i - 3*b. What is k(i)?
12
Let o(n) be the first derivative of 2*n**3/3 - 7*n**2/2 + 17. Let i = -2 + 2. Let w be (-5)/(-1) - 1*i/5. Give o(w).
15
Let t(s) = -67*s + 32*s + 39*s + 13*s**2 + 2*s**3 - 3 - 3. Let k = 709 - 715. Give t(k).
6
Let p be (-742)/(-212)*(-3 + 1/1). Let x(b) = -2*b**2 - 7*b + 23. What is x(p)?
-26
Let t(f) be the second derivative of -f**5/20 - 5*f**4/12 + 4*f**3/3 + 2*f**2 - 12*f. Let d be -4 - (-29 - -23 - 7*-1). Give t(d).
-36
Let m(x) = 2*x - 11. Let t(v) = -13*v + 76. Let n(r) = -14*m(r) - 2*t(r). Let i = 2 + 9. Let q = i - 18. Give n(q).
16
Suppose -5*z - 3*y - 127 - 18 = 0, 5*z - 2*y = -145. Let g(w) = -9*w - 261. Give g(z).
0
Let a(z) = z**2 - 2*z + 3. Let g be a(7). Let m = -42 + g. Let b(o) = o - 1. Let x(d) = d - 8. Let p(q) = 4*b(q) - x(q). Determine p(m).
-8
Let z(p) = p**3 + 6*p**2 - 13*p - 3. Let n(h) = 2*h**3 + 34*h**2 - 12*h - 201. Let i be n(-17). Give z(i).
39
Suppose 4*p + 40 = c, 3*p + 5*c + 18 + 12 = 0. Let n(f) = -f**3 - 11*f**2 - 7*f + 21. Calculate n(p).
-9
Let a(l) = -4*l**2 - 69*l + 1. Let o be a(-22). Let g = o - -412. Let r(u) = u**3 + 4*u**2 - 6*u + 2. Determine r(g).
7
Let k(x) = 199*x**2 - 3*x - 3. Let q(t) = -371*t**2 + 5*t + 5. Let g(p) = -7*k(p) - 4*q(p). Determine g(-1).
91
Let j(i) = -i + 6. Suppose 33 = 24*f - 39. Suppose f*k + 5*b + 1 = 2*k, 2*k + 15 = 3*b. What is j(k)?
12
Let j(b) be the first derivative of 3*b**2 - 7*b + 1/3*b**3 - 57. Calculate j(-7).
0
Let y(p) = -p - 2. Let d = -866 - -1451. Suppose 4*c + 3*a - d = 2*a, -c + 2*a + 135 = 0. Let o = -145 + c. Calculate y(o).
-2
Let s(i) = -197*i - 198*i - 205*i + 607*i - 7 - 3*i**2. Determine s(4).
-27
Let a = 33 - 24. Suppose -p + 19 = 3*q, -9 = -3*p + 4*q + a. Suppose -p = -2*v, -4*v + 2 = 4*k - 2. Let f(s) = -s**2 - 2*s + 1. What is f(k)?
-7
Let d(p) = -122*p**3 + 11*p**2 + 7. Let m(y) = -62*y**3 + 4*y**2 + 3. Let x(i) = -2*d(i) + 5*m(i). Give x(1).
-67
Let s(w) = -w**3 + 5*w**2 + 6*w + 1. Let y be s(6). Let r = -37 + 42. Let h(c) = -5 - y + c + r. Calculate h(-6).
-7
Let h(f) = f**2 + 7*f - 9. Let a be ((-5)/(-2)*(-2)/10)/(69/552). Determine h(a).
-21
Let r(k) be the second derivative of 2*k**3/3 - 24*k**2 - 2*k - 527. Give r(14).
8
Suppose -2*f + 2*r + 10 = 2*f, -2*r - 10 = -2*f. Let i(d) = -3*d**2 + 3*d - 65. Let w(g) = g**2 - g + 26. Let t(v) = i(v) + 2*w(v). Calculate t(f).
-13
Let t(b) = -3*b**2 - b. Let o(f) = 2*f**2 - 6*f + 9 - 12 - 14 + 10*f. Let a be o(-6). Suppose 0 = 27*p - a*p - 8. Determine t(p).
-10
Suppose -6*l = -4*l - 10. Suppose -v - 3 = -l. Let p(n) = 4*n - 12 - v*n + 3 - 4*n. What is p(-7)?
5
Let t(v) = -v**3 + 3*v - 2. Let m be (-2301)/12 + (-1)/4. Let u = 194 + m. Calculate t(u).
-4
Let b(x) = -x**3 - 3*x**2 - 3. Let l = -55 + 63. Suppose -28 = -l*p + p. Let k be (p + 130/(-25))/(2/5). Calculate b(k).
-3
Let f be (-12)/10*10/(-3). Let n(q) = -3*q**3 - 7*q**2 + 6*q + 27. Let j be n(-7). Let o(y) = y**2 - 334 - 9*y - 336 + j. Calculate o(f).
-19
Let b(x) = -x**2 + 7*x + 1. Let q be b(6). Let i(h) = 48*h + 4696. Let p(z) = z + 94. Let w(a) = -i(a) + 50*p(a). Give w(q).
18
Let t be (-544)/39 + -10 + (-3492)/(-351). Let q(r) = 5*r + 20. Give q(t).
-50
Let z(m) = -10*m**2 + 7*m + 3. Let r(u) = -13*u**2 + 11*u + 5. Let n(k) = 2*r(k) - 3*z(k). Let l(d) = d - 7. Let h be l(6). Determine n(h).
4
Let l be -12 - (-19 + (-4)/(-1)). Let h(z) be the third derivative of -1/12*z**4 + 0*z + 1/120*z**6 + 0*z**l + 0 - 14*z**2 + 1/20*z**5. Calculate h(-4).
-8
Let f be (-33)/(-4) - ((-95)/20 - -4). Let s = 26 + f. Let t be (84/s)/(-4) - 2/5. Let b(o) = 9*o**3 - o**2 + o + 1. Give b(t).
-10
Let i(y) = -41*y - 1. Let q(b) = 108*b + 575. Let p(n) = -4*i(n) - q(n). Determine p(10).
-11
Let p(u) = -7*u**3 + 4*u**2 + 7*u - 11. Let j(k) = -12*k**3 + 9*k**2 + 12*k - 21. Let b(n) = 3*j(n) - 5*p(n). Let w be -3 + 184/18 - (-4)/(-18). Determine b(w).
-1
Let m(r) be the second derivative of 3*r**3/2 - 41*r**2 - 3*r + 1427. What is m(11)?
17
Let h(o) = -o**2 - 13*o + 11. Suppose 2 = -2*k, -110 = 3*i + 5*k + 96. Let t = i - -54. Determine h(t).
11
Let b(g) = -g**2 - 3*g - 3. Suppose 4*y = 4*w + 4, 0*y - y + 5*w - 3 = 0. Let n = -236 - -236. Suppose n = y*r + r + 6. Give b(r).
-1
Suppose 0 = -7*l - 0*l. Suppose -9 = -i - l*i. Let d(w) = w**2 - 12*w + 3. Let o(f) = -2*f**2 + 23*f - 5. Let z(n) = 5*d(n) + 3*o(n). What is z(i)?
0
Let t(z) = -3*z - 6. Let q(v) = v**2 + 12*v - 10. Let f be q(-13). Let c be 6/4 - (-4)/24*f. Let k be ((-10)/4 + c)*10. Give t(k).
9
Let j = -5 - -7. Suppose -j*q + q = -4. Let i(l) = -6 - 2992*l -